{"id":18,"date":"2019-01-05T13:11:39","date_gmt":"2019-01-05T12:11:39","guid":{"rendered":"http:\/\/auteur-ecrivain.marhic.fr\/?page_id=18"},"modified":"2023-12-30T14:19:04","modified_gmt":"2023-12-30T13:19:04","slug":"nouvelles","status":"publish","type":"page","link":"https:\/\/auteur-ecrivain.marhic.fr\/index.php\/nouvelles\/","title":{"rendered":"Nouvelles"},"content":{"rendered":"<p style=\"text-align: center;\"><a href=\"http:\/\/auteur-ecrivain.marhic.fr\/wp-content\/uploads\/2019\/01\/RTBF.jpg\"><img loading=\"lazy\" decoding=\"async\" class=\"aligncenter wp-image-569 size-full\" src=\"http:\/\/auteur-ecrivain.marhic.fr\/wp-content\/uploads\/2019\/01\/RTBF.jpg\" alt=\"RTBF\" width=\"240\" height=\"148\" \/><\/a><a href=\"http:\/\/auteur-ecrivain.marhic.fr\/wp-content\/uploads\/2019\/01\/rtbf.mp3\" target=\"_blank\" rel=\"noopener\"><strong>Harc\u00e8lement l\u00e9ta<\/strong>l<\/a><\/p>\n<p style=\"text-align: center;\">1<sup>er<\/sup> prix Bretagne au Grand Prix de la Nouvelle Universitaire (2003)<\/p>\n<p style=\"text-align: center;\">Mention Concours Radio T\u00e9l\u00e9vision Belge Francophone \u2013 RTBF (2003)<\/p>\n<p style=\"text-align: center;\">Adapt\u00e9e et diffus\u00e9e par la RTBF\u00a01, 2 mars 2003<\/p>\n<p><a href=\"http:\/\/www.marhic.fr\/\" target=\"_blank\" rel=\"noopener\"><img loading=\"lazy\" decoding=\"async\" class=\"alignnone wp-image-50\" src=\"http:\/\/auteur-ecrivain.marhic.fr\/wp-content\/uploads\/2019\/01\/marhic.fr_-1-265x300.jpg\" alt=\"Renaud Marhic, auteur-\u00e9crivain\" width=\"60\" height=\"68\" \/><\/a><\/p>\n<p style=\"text-align: center;\"><a href=\"http:\/\/auteur-ecrivain.marhic.fr\/wp-content\/uploads\/2019\/01\/Nouvelle-Donne33.jpg\"><img loading=\"lazy\" decoding=\"async\" class=\"aligncenter wp-image-579 size-medium\" src=\"http:\/\/auteur-ecrivain.marhic.fr\/wp-content\/uploads\/2019\/01\/Nouvelle-Donne33-232x300.jpg\" alt=\"Nouvelle Donne 33\" width=\"232\" height=\"300\" srcset=\"https:\/\/auteur-ecrivain.marhic.fr\/wp-content\/uploads\/2019\/01\/Nouvelle-Donne33-232x300.jpg 232w, https:\/\/auteur-ecrivain.marhic.fr\/wp-content\/uploads\/2019\/01\/Nouvelle-Donne33-768x994.jpg 768w, https:\/\/auteur-ecrivain.marhic.fr\/wp-content\/uploads\/2019\/01\/Nouvelle-Donne33.jpg 785w\" sizes=\"auto, (max-width: 232px) 100vw, 232px\" \/><\/a><strong><a href=\"http:\/\/auteur-ecrivain.marhic.fr\/wp-content\/uploads\/2019\/01\/viva_burka_extrait.pdf\" target=\"_blank\" rel=\"noopener\">Viva Burka !<\/a><\/strong><\/p>\n<p style=\"text-align: center;\">Parue dans <em>Nouvelle Donne<\/em> n\u00b033, novembre 2003<\/p>\n<p><a href=\"http:\/\/www.marhic.fr\/\" target=\"_blank\" rel=\"noopener\"><img loading=\"lazy\" decoding=\"async\" class=\"alignnone wp-image-50\" src=\"http:\/\/auteur-ecrivain.marhic.fr\/wp-content\/uploads\/2019\/01\/marhic.fr_-1-265x300.jpg\" alt=\"Renaud Marhic, auteur-\u00e9crivain\" width=\"60\" height=\"68\" \/><\/a><\/p>\n<p style=\"text-align: center;\"><a href=\"http:\/\/auteur-ecrivain.marhic.fr\/wp-content\/uploads\/2019\/01\/Ours-Polar21.jpg\"><img loading=\"lazy\" decoding=\"async\" class=\"aligncenter wp-image-586 size-medium\" src=\"http:\/\/auteur-ecrivain.marhic.fr\/wp-content\/uploads\/2019\/01\/Ours-Polar21-238x300.jpg\" alt=\"L'Ours Polar 21\" width=\"238\" height=\"300\" srcset=\"https:\/\/auteur-ecrivain.marhic.fr\/wp-content\/uploads\/2019\/01\/Ours-Polar21-238x300.jpg 238w, https:\/\/auteur-ecrivain.marhic.fr\/wp-content\/uploads\/2019\/01\/Ours-Polar21.jpg 641w\" sizes=\"auto, (max-width: 238px) 100vw, 238px\" \/><\/a><strong><a href=\"http:\/\/auteur-ecrivain.marhic.fr\/wp-content\/uploads\/2019\/01\/intermittent_du_desastre.pdf\" target=\"_blank\" rel=\"noopener\">L&rsquo;Intermittent du d\u00e9sastre<\/a><\/strong><\/p>\n<p style=\"text-align: center;\">1<sup>er<\/sup> prix Concours Lire en F\u00eate au Cin\u00e9ma (2002)<\/p>\n<p style=\"text-align: center;\">2<sup>e<\/sup> prix Concours D\u00e9cloisonn\u2019Arts (2002)<\/p>\n<p style=\"text-align: center;\">Parue dans <em>L\u2019Ours Polar<\/em> n\u00b021, d\u00e9cembre 2002<\/p>\n<p><a href=\"http:\/\/www.marhic.fr\/\" target=\"_blank\" rel=\"noopener\"><img loading=\"lazy\" decoding=\"async\" class=\"alignnone wp-image-50\" src=\"http:\/\/auteur-ecrivain.marhic.fr\/wp-content\/uploads\/2019\/01\/marhic.fr_-1-265x300.jpg\" alt=\"Renaud Marhic, auteur-\u00e9crivain\" width=\"60\" height=\"68\" \/><\/a><\/p>\n<p style=\"text-align: center;\"><a href=\"http:\/\/auteur-ecrivain.marhic.fr\/wp-content\/uploads\/2019\/01\/H\u00e9matomes-Crochus12.jpg\"><img loading=\"lazy\" decoding=\"async\" class=\"aligncenter wp-image-600 size-medium\" src=\"http:\/\/auteur-ecrivain.marhic.fr\/wp-content\/uploads\/2019\/01\/H\u00e9matomes-Crochus12-210x300.jpg\" alt=\"H\u00e9matomes Crochus 12\" width=\"210\" height=\"300\" srcset=\"https:\/\/auteur-ecrivain.marhic.fr\/wp-content\/uploads\/2019\/01\/H\u00e9matomes-Crochus12-210x300.jpg 210w, https:\/\/auteur-ecrivain.marhic.fr\/wp-content\/uploads\/2019\/01\/H\u00e9matomes-Crochus12-768x1097.jpg 768w, https:\/\/auteur-ecrivain.marhic.fr\/wp-content\/uploads\/2019\/01\/H\u00e9matomes-Crochus12-717x1024.jpg 717w, https:\/\/auteur-ecrivain.marhic.fr\/wp-content\/uploads\/2019\/01\/H\u00e9matomes-Crochus12.jpg 1222w\" sizes=\"auto, (max-width: 210px) 100vw, 210px\" \/><\/a><strong><a href=\"http:\/\/auteur-ecrivain.marhic.fr\/wp-content\/uploads\/2019\/01\/james_ellroy_mickey3D_et_une_baise_le_meme_soir_extrait.pdf\" target=\"_blank\" rel=\"noopener\">James Ellroy, Mickey 3D, et une baise&#8230; le m\u00eame soir !<\/a><\/strong><\/p>\n<p style=\"text-align: center;\">1<sup>er<\/sup> prix Concours H\u00e9matomes Crochus (2002)<\/p>\n<p style=\"text-align: center;\">parue dans <em>H\u00e9matomes Crochus<\/em> n\u00b012, avril 2002<\/p>\n<p><a href=\"http:\/\/www.marhic.fr\/\" target=\"_blank\" rel=\"noopener\"><img loading=\"lazy\" decoding=\"async\" class=\"alignnone wp-image-50\" src=\"http:\/\/auteur-ecrivain.marhic.fr\/wp-content\/uploads\/2019\/01\/marhic.fr_-1-265x300.jpg\" alt=\"Renaud Marhic, auteur-\u00e9crivain\" width=\"60\" height=\"68\" \/><\/a><\/p>\n<p style=\"text-align: center;\"><a href=\"http:\/\/auteur-ecrivain.marhic.fr\/wp-content\/uploads\/2019\/01\/Ours-Polar17.jpg\"><img loading=\"lazy\" decoding=\"async\" class=\"aligncenter wp-image-603 size-medium\" src=\"http:\/\/auteur-ecrivain.marhic.fr\/wp-content\/uploads\/2019\/01\/Ours-Polar17-233x300.jpg\" alt=\"Ours Polar 17\" width=\"233\" height=\"300\" srcset=\"https:\/\/auteur-ecrivain.marhic.fr\/wp-content\/uploads\/2019\/01\/Ours-Polar17-233x300.jpg 233w, https:\/\/auteur-ecrivain.marhic.fr\/wp-content\/uploads\/2019\/01\/Ours-Polar17-768x990.jpg 768w, https:\/\/auteur-ecrivain.marhic.fr\/wp-content\/uploads\/2019\/01\/Ours-Polar17-794x1024.jpg 794w, https:\/\/auteur-ecrivain.marhic.fr\/wp-content\/uploads\/2019\/01\/Ours-Polar17.jpg 990w\" sizes=\"auto, (max-width: 233px) 100vw, 233px\" \/><\/a><strong><a href=\"http:\/\/auteur-ecrivain.marhic.fr\/wp-content\/uploads\/2019\/01\/100_pur_porc_extrait.pdf\" target=\"_blank\" rel=\"noopener\">100 % Pur porc<\/a><\/strong><\/p>\n<p style=\"text-align: center;\">Parue dans <em>L\u2019Ours Polar<\/em> n\u00b017, novembre 2001<\/p>\n<p><a href=\"http:\/\/www.marhic.fr\/\" target=\"_blank\" rel=\"noopener\"><img loading=\"lazy\" decoding=\"async\" class=\"alignnone wp-image-50\" src=\"http:\/\/auteur-ecrivain.marhic.fr\/wp-content\/uploads\/2019\/01\/marhic.fr_-1-265x300.jpg\" alt=\"Renaud Marhic, auteur-\u00e9crivain\" width=\"60\" height=\"68\" \/><\/a><\/p>\n<p style=\"text-align: justify;\">Et aussi\u2026<\/p>\n<p style=\"text-align: justify;\"><strong><em>Le Berry ou la mort\u00a0!<\/em><\/strong> 3<sup>e<\/sup> prix Concours Harfang (2001), <em>Harfang<\/em> hors s\u00e9rie n\u00b0\u00a06, novembre 2001<\/p>\n<p style=\"text-align: justify;\"><strong><em>Photomaton de mes deux (conte psychanalytique)<\/em><\/strong>, <em>L\u2019Ours Polar<\/em> n\u00b023, ao\u00fbt 2003.<\/p>\n<p style=\"text-align: justify;\"><strong><em>Les testicules alimentaires<\/em><\/strong>, <em>H\u00e9matomes Crochus<\/em> n\u00b013, ao\u00fbt 2003.<\/p>\n<p style=\"text-align: justify;\"><strong><em>La f\u00e9ria des neuneux<\/em><\/strong>, <em>Palmar\u00e8s du concours de nouvelles de Fontaine-Fran\u00e7aise<\/em>, 2004.<\/p>\n","protected":false},"excerpt":{"rendered":"<p>Harc\u00e8lement l\u00e9tal 1er prix Bretagne au Grand Prix de la Nouvelle Universitaire (2003) Mention Concours Radio T\u00e9l\u00e9vision Belge Francophone \u2013 RTBF (2003) Adapt\u00e9e et diffus\u00e9e par la RTBF\u00a01, 2 mars 2003 Viva Burka ! Parue dans Nouvelle Donne n\u00b033, novembre &hellip; <a href=\"https:\/\/auteur-ecrivain.marhic.fr\/index.php\/nouvelles\/\">Continuer la lecture <span class=\"meta-nav\">&rarr;<\/span><\/a><\/p>\n","protected":false},"author":1,"featured_media":0,"parent":0,"menu_order":0,"comment_status":"closed","ping_status":"closed","template":"","meta":{"footnotes":""},"class_list":["post-18","page","type-page","status-publish","hentry"],"_links":{"self":[{"href":"https:\/\/auteur-ecrivain.marhic.fr\/index.php\/wp-json\/wp\/v2\/pages\/18","targetHints":{"allow":["GET"]}}],"collection":[{"href":"https:\/\/auteur-ecrivain.marhic.fr\/index.php\/wp-json\/wp\/v2\/pages"}],"about":[{"href":"https:\/\/auteur-ecrivain.marhic.fr\/index.php\/wp-json\/wp\/v2\/types\/page"}],"author":[{"embeddable":true,"href":"https:\/\/auteur-ecrivain.marhic.fr\/index.php\/wp-json\/wp\/v2\/users\/1"}],"replies":[{"embeddable":true,"href":"https:\/\/auteur-ecrivain.marhic.fr\/index.php\/wp-json\/wp\/v2\/comments?post=18"}],"version-history":[{"count":14,"href":"https:\/\/auteur-ecrivain.marhic.fr\/index.php\/wp-json\/wp\/v2\/pages\/18\/revisions"}],"predecessor-version":[{"id":772,"href":"https:\/\/auteur-ecrivain.marhic.fr\/index.php\/wp-json\/wp\/v2\/pages\/18\/revisions\/772"}],"wp:attachment":[{"href":"https:\/\/auteur-ecrivain.marhic.fr\/index.php\/wp-json\/wp\/v2\/media?parent=18"}],"curies":[{"name":"wp","href":"https:\/\/api.w.org\/{rel}","templated":true}]}}